 -4) + (44 - 42)?
-1
Calculate 5 + -1 + (-7 - -1) - 0.
-2
What is the value of (-7 - -1 - -12) + -3 - -4?
7
What is 16 - (10 - (1 + 1))?
8
What is 6 - (-15 + 19 + 0)?
2
Evaluate -3 - (-2 + 0 + 2).
-3
What is the value of 0 + 7 + (-11 - -6)?
2
Evaluate (5 - 4) + -1 - 2.
-2
Evaluate 6 + (-9 + 0 - -11).
8
What is (-4 - (-7 + 5)) + 4?
2
-21 - -18 - (-5 + -1)
3
What is the value of (-3 - -7 - (4 - 2)) + -7?
-5
Evaluate 4 + -3 - (3 - 4).
2
-1 + (3 - 13) + 6 + -1
-6
What is the value of -1 + 2 + (-2 - (-7 - -4))?
2
(2 + -3 - -2) + -5
-4
Calculate (-3 - (-2 + 4) - -3) + -1.
-3
What is -15 + 32 - 17 - (1 + 0)?
-1
Evaluate -5 + 11 - 7 - (3 + -1).
-3
Evaluate 15 + -14 + (15 - 11).
5
Evaluate 6 - (-9 - -38 - 12).
-11
Calculate 5 + 12 + (-15 - -5).
7
What is (0 - -2) + (-4 + -4 - -4)?
-2
Calculate 8 - 0 - (2 - -3).
3
-1 - 2 - (-7 + 8 - -1)
-5
Evaluate 0 + -2 + (6 - 4).
0
Calculate -4 + (-3 - -4) + 5.
2
Calculate 5 + (-9 - -6) + (1 - 0).
3
What is (-8 - 0) + (-3 + 5 - -1)?
-5
What is -2 - (0 - (3 - (0 + 2)))?
-1
What is the value of 2 + -7 + (4 - 0) + -5?
-6
Evaluate -4 + 1 - (14 - 17).
0
Evaluate 107 + -95 - (5 - 1).
8
What is (0 - (-1 - -3) - -2) + 0?
0
Evaluate 5 + -5 + -12 + 11.
-1
(-24 - -8) + 7 + 4 + 6
1
-4 - -1 - ((-7 - 2) + 0)
6
1 + (5 - 1) - 5
0
Calculate 1 - (-3 - (2 - 3)).
3
What is the value of (1 - 4) + (-3 - -2) + 0?
-4
What is 2 - 7 - -2 - (-1 + -1)?
-1
Calculate 3 + -6 + (-7 - -12) + 3.
5
Calculate 15 + (0 - 1) - (43 + -36).
7
What is the value of -5 - ((-3 + 4 - 5) + 5)?
-6
What is the value of (23 - 11) + -7 - 6?
-1
Calculate -1 + (9 - 2) + -4.
2
What is the value of 0 + (0 - -1) - (-41 + 40)?
2
Calculate 0 + (-1 - 1 - (-9 + 7)).
0
Calculate -15 + 13 + -11 + 18.
5
Calculate 1 + 2 + -7 + 2 + -2.
-4
Calculate -14 + 10 + (3 - -2).
1
-7 - (7 - (3 - -12 - 0))
1
Calculate -4 + (5 - -4) - 1 - 4.
0
Calculate -6 + 3 + 8 - 10.
-5
What is -4 - -1 - (5 - 10)?
2
(-1 - 0) + 2 + -2
-1
What is the value of 12 + -5 + -1 + -7?
-1
4 + (-4 - 0 - 0)
0
Evaluate 33 + -40 - (0 + -1).
-6
6 + -5 - (-5 + 2) - 10
-6
Evaluate -28 - -32 - (3 + -6 + 9).
-2
What is the value of (-1 - -2) + (3 - 4)?
0
Calculate -5 + (0 - (-1 + -4) - 6).
-6
What is the value of 1 + -5 - (16 + -19)?
-1
Calculate 5 + -6 + -2 + 8.
5
Calculate 13 - 0 - 5 - (4 - 1).
5
What is 7 - 4 - (2 - -4)?
-3
What is 4 - (4 - (9 + -2 - 2))?
5
What is 3 - (4 + 0 - 0 - 2)?
1
What is the value of -5 + -2 - (-12 + -4 + 8)?
1
What is 0 - (-2 + 4) - (0 + -3)?
1
What is the value of 1 + (6 - -1) - 8?
0
What is -2 + 1 - (39 + -38)?
-2
Evaluate -8 - (-6 + -15 - -5).
8
What is (-3 - (6 - 17)) + -13?
-5
What is the value of (-5 - 2) + -71 + 67?
-11
Evaluate -7 + (4 - 5 - -5) + 2.
-1
-4 - (-4 + 1 + (-1 - -1))
-1
Evaluate -7 + 5 - (3 + -1 - 0).
-4
What is the value of (-6 - 4 - (3 - 5)) + 3?
-5
Evaluate -1 - 0 - (-3 + -1) - 2.
1
-4 + (-4 - (-4 - 0)) + 4
0
-1 + -1 + (1 - (-7 - -4))
2
Evaluate -4 - -7 - 4 - -4.
3
What is 1 + (-9 - -4) - (-1 - 0)?
-3
What is the value of -3 - (2 - -3 - 3)?
-5
4 + (-12 - (3 - 4))
-7
Evaluate -1 - -8 - (6 - 2).
3
-10 - (6 - 9) - -6
-1
What is the value of 4 + (-3 - -1 - (8 - 4))?
-2
What is the value of 5 + (0 - 8) + 8?
5
Calculate -5 + 14 + -7 + 0.
2
What is the value of (2 - 4) + 0 + -2 + 1?
-3
What is 10 - ((17 - 18) + (-2 - -7))?
6
What is the value of 3 + -20 + 15 + (-2 - -6)?
2
Calculate (-4 - -1) + 3 + 0.
0
What is -1 + (0 - (-3 - -1))?
1
What is the value of (3 - 3) + (-3 - -7)?
4
-13 - (-12 + -2 + 10)
-9
Calculate 7 + (1 - 1) + -52 + 39.
-6
5 + (4 - (3 + 5))
1
Evaluate 4 - (-1 - (3 + -1 + -5)).
2
Calculate (-5 - 0) + (-6 - -15 - 4).
0
What is -4 + 3 - -6 - (4 + -3)?
4
Calculate 1 + (-12 - -6) - (-3 + 0).
-2
Calculate 0 - (-1 + 0) - (18 + -18).
1
Calculate 89 - 82 - (0 - 1).
8
Evaluate -2 + (90 - 96 - (-3 - 1)).
-4
Calculate (0 - 0) + -8 + 4 + 5.
1
What is the value of -7 + -2 + 4 - (1 + -1)?
-5
Evaluate (1 - -2) + -1 + -5.
-3
What is 11 + -17 - -4 - -10?
8
What is -11 - 0 - (-15 + 7 - -2)?
-5
What is the value of (-5 - -8) + 3 + (-5 - 2)?
-1
What is (1 - 7) + 5 + -2?
-3
Evaluate -8 - (-1 - -2 - 5) - -3.
-1
Evaluate (2 - -2) + 2 + (2 - 2).
6
What is the value of -8 + 0 - (17 + -20)?
-5
(31 + -19 - (-1 - -7)) + -1
5
Evaluate 10 + (-16 - (6 + -12)) + 6.
6
Evaluate 4 + -3 + -4 - (1 - 0).
-4
-7 + 2 + (-3 - -3)
-5
(-5 - (3 - 4)) + -1 + -2
-7
(0 - 1) + 9 + -7
1
-5 + -4 - (-6 + 2) - 1
-6
4 + -2 + 7 + -3
6
Calculate 11 + -6 + -2 + 1 + -2.
2
1 + 3 + (9 - 6) - 9
-2
Calculate (-16 + 8 - -6) + 0.
-2
What is 0 + -4 + 1 + 1 - -4?
2
Evaluate 3 - (-7 - -9 - (0 + -2)).
-1
-4 + 1 + 4 + -3
-2
What is the value of -1 + -3 + 3 + 3?
2
Evaluate 9 + -25 - -14 - (-1 - 0).
-1
What is the value of 0 + -3 + -2 - (-12 + 12)?
-5
Evaluate -6 - (10 + (-17 - -9)).
-8
-4 + (4 + -7 - -4)
-3
What is 8 - ((-5 - -22) + 3 + -4)?
-8
Evaluate (4 - 8) + (7 - -1) - 0.
4
What is the value of (-6 - (-12 + 12)) + (7 - 1)?
0
What is 2 - 3 - (-2 - -4 - 0)?
-3
(-6 - (5 + -9)) + -1 - -8
5
Calculate (7 - 4) + 2 + -4.
1
-21 + 25 + (2 - -1)
7
Calculate -10 - (1 - 4) - -5.
-2
Calculate 1 + (-4 - (4 + -12)).
5
Evaluate -3 - (3 - 8) - 3 - 2.
-3
What is the value of 1 - (-1 + -2 - (-1 - -1))?
4
Calculate 7 + -15 - (7 + -9).
-6
3 + 1 + -6 + -3
-5
Calculate -8 - (1 + -2 - 3) - -2.
-2
What is the value of 0 - ((4 - 14) + 10)?
0
What is 9 + (3 - 8 - -3) - 1?
6
-8 - (-1 + (1 - (0 - -2)))
-6
What is the value of (-57 - -52) + 1 + 5?
1
(6 - 17) + 0 + 6
-5
What is the value of (-1 - (-3 + 6) - -1) + 0?
-3
Calculate 51 - 47 - (2 + 0).
2
Evaluate -11 + 5 - -1 - (-3 - -9).
-11
Evaluate 0 + (3 + -4 - 3).
-4
What is the value of 1 + 2 + (3 - 2) + 0?
4
What is the value of -2 + 1 + (14 - 14)?
-1
Calculate -18 - -11 - (1 - (0 + 4)).
-4
14 - (6 - (4 - 5)) - 1
6
Calculate -10 + (-52 - -59 - (-1 - -6)).
-8
What is -3 + 10 + -11 - -8?
4
30 - 22 - (6 + -3 + -1)
6
Calculate (-2 - -1 - (-1 + -3)) + -4.
-1
Calculate 1 + 9 - (-4 + -6 + 14).
6
What is -7 + (9 - (-2 - -1))?
3
What is -18 + 14 - (-5 + 2)?
-1
What is -3 - 0 - 0 - (-7 - -2)?
2
Evaluate 1 - (-5 + 8 + 1).
-3
Calculate (29 - 28) + (-1 - 3).
-3
What is -4 + 3 + (4 - 3 - 0)?
0
Evaluate -15 - ((4 - 8) + -6).
-5
What is 3 + 0 + (7 - 9)?
1
What is the value of (-15 - -13) + -11 - -18?
5
What is the value of 1 + 0 + -5 - -2?
-2
What is 14 + 10 + -21 + 8?
11
What is the value of (1 - 1 - -3 - 4) + 2?
1
What is 13 - (3 - 3 - -6)?
7
-1 + 1 + (1 + 2 - 3)
0
-9 - (-7 - (-6 - 0)) - -8
0
(-3 - -6) + (11 - 14)
0
0 + 17 + -21 + (5 - 0)
1
2 + (-4 - (0 - (0 + 1)))
-1
What is 4 + (-2 - -2) + 2?
6
1 + (1 - 1) + -13 + 11
-1
What is (-4 - (2 + -4)) + (4 - -2)?
4
What is the value of (0 - 3) + 4 + 4 + -9?
-4
Evaluate 7 - (-3 - (5 + 2 + -18)).
-1
Evaluate 10 - (8 + 11) - -16.
7
What is the value of (-452 - -451) + (-1 - -1) + 2?
1
0 - (5 + -2 + 5 + -2)
-6
-1 - 0 - (-36 + 35)
0
Calculate -6 + 4 - (-1 + 5 + -7).
1
Evaluate -6 - -6 - 9 - -13.
4
What is -3 + 8 + 2 + -3 - 1?
3
Calculate -10 - -22 - 23 - (-2 - 0).
-9
Evaluate -35 + 26 + 0 + 2.
-7
Evaluate -4 + 8 + -7 - 2.
-5
What is (-3 - -7 - 3) + 3?
4
What is -2 - ((-2 + 0 - 0) + 4)?
-4
What is the value of -6 + 1 + (0 - -9)?
4
0 + (0 - 2) + -2
-4
Evaluate (-11 - -14) + -8 + 2.
-3
What is (10 - (1 - -5)) + 0 + -2?
2
(-6 - (-8 + -1)) + -1
2
What is -4 + -5 + 13 + -4?
0
Calculate -3 + 13 + -5 + -1.
4
Evaluate -8 + 2 - -1 - (-24 + 22).
-3
What is the value of (-6 - -19) + (-1 - 7) + 3?
8
Calculate -4 + 5 + -2 + 0.
-1
Evaluate -1 - (-2 - 1) - (3 - 0).
-1
What is the value of 2 - 0 - (6 + (-3 - 6))?
5
What is the value of (-1 - (-2 + 4)) + 0 + -2?
-5
2 + -1 + 1 + -2
0
1 + -3 - (8 + -15)
5
What is the value of 1 + 3 + 24 + 26 + -47?
7
What is -6 + -2 + 5 + 4 + 1?
2
What is (11 - -5) + -22 + (2 - 0)?
-4
What is the value of (0 - -2) + -32 + 29?
-1
Evaluate -4 - ((-6 - 3) + 5) - -4.
4
15 + -14 + -7 + 7
1
What is the value of (8 - 7) + -4 + 9?
6
What is the value of 5 + -8 - 2 - -6?
1
1 - 6 - -1 - -12
8
What is the value of -2 + 4 + 0 + -3 + 2?
1
What is the value of 3 + (2 - 3) + -4 + 7?
5
Evaluate -3 + 1 + -7 + 6.
-3
2 - (-3 + 5) - 0 - 2
-2
(-8 - -4) + -1 + 1 + -1
-5
-6 - 0 - (19 + -24)
-1
Evaluate (-4 - -9) + 2 - (0 - -3).
4
Evaluate -1 - ((3 - 4) + (-4 - -1)).
3
16 + (-28 - -14) - -4
6
Evaluate 0 - (-4 - ((4 - 0) + -13)).
-5
Evaluate 2 - (-2 - -4) - (3 - 2).
-1
What is (-9 - -3) + 